{"id":6544,"date":"2025-03-15T10:46:46","date_gmt":"2025-03-15T15:46:46","guid":{"rendered":"https:\/\/importadorabip40.com\/?post_type=product&#038;p=6544"},"modified":"2025-03-15T12:43:09","modified_gmt":"2025-03-15T17:43:09","slug":"jean-dama-promociones-varios-varios","status":"publish","type":"product","link":"https:\/\/importadorabip40.com\/index.php\/product\/jean-dama-promociones-varios-varios\/","title":{"rendered":"Jean Dama  Promociones  Varios  Varios"},"content":{"rendered":"<p>Descubre el equilibrio ideal entre estilo y comodidad con nuestros jeans de dama en tela Denim Stretch, dise\u00f1ados para realzar tu figura con su innovadora tecnolog\u00eda levanta cola. Gracias a su confecci\u00f3n ajustada al cuerpo, moldean y estilizan las curvas mientras mantienen su horma con el uso.<\/p>\n","protected":false},"excerpt":{"rendered":"<p>Denim Org\u00e1nico con Elastano (Stretch): ; 85-99% Algod\u00f3n Org\u00e1nico \u2192 Suavidad y resistencia con menor impacto ambiental.; 1-5% Elastano (Spandex\/Lycra) \u2192 Para mayor flexibilidad y comodidad.<\/p>\n","protected":false},"featured_media":0,"comment_status":"open","ping_status":"closed","template":"","meta":{"inline_featured_image":false,"site-sidebar-layout":"default","site-content-layout":"","ast-site-content-layout":"","site-content-style":"default","site-sidebar-style":"default","ast-global-header-display":"","ast-banner-title-visibility":"","ast-main-header-display":"","ast-hfb-above-header-display":"","ast-hfb-below-header-display":"","ast-hfb-mobile-header-display":"","site-post-title":"","ast-breadcrumbs-content":"","ast-featured-img":"","footer-sml-layout":"","theme-transparent-header-meta":"","adv-header-id-meta":"","stick-header-meta":"","header-above-stick-meta":"","header-main-stick-meta":"","header-below-stick-meta":"","astra-migrate-meta-layouts":"default","ast-page-background-enabled":"default","ast-page-background-meta":{"desktop":{"background-color":"var(--ast-global-color-4)","background-image":"","background-repeat":"repeat","background-position":"center center","background-size":"auto","background-attachment":"scroll","background-type":"","background-media":"","overlay-type":"","overlay-color":"","overlay-opacity":"","overlay-gradient":""},"tablet":{"background-color":"","background-image":"","background-repeat":"repeat","background-position":"center center","background-size":"auto","background-attachment":"scroll","background-type":"","background-media":"","overlay-type":"","overlay-color":"","overlay-opacity":"","overlay-gradient":""},"mobile":{"background-color":"","background-image":"","background-repeat":"repeat","background-position":"center center","background-size":"auto","background-attachment":"scroll","background-type":"","background-media":"","overlay-type":"","overlay-color":"","overlay-opacity":"","overlay-gradient":""}},"ast-content-background-meta":{"desktop":{"background-color":"var(--ast-global-color-5)","background-image":"","background-repeat":"repeat","background-position":"center center","background-size":"auto","background-attachment":"scroll","background-type":"","background-media":"","overlay-type":"","overlay-color":"","overlay-opacity":"","overlay-gradient":""},"tablet":{"background-color":"var(--ast-global-color-5)","background-image":"","background-repeat":"repeat","background-position":"center center","background-size":"auto","background-attachment":"scroll","background-type":"","background-media":"","overlay-type":"","overlay-color":"","overlay-opacity":"","overlay-gradient":""},"mobile":{"background-color":"var(--ast-global-color-5)","background-image":"","background-repeat":"repeat","background-position":"center center","background-size":"auto","background-attachment":"scroll","background-type":"","background-media":"","overlay-type":"","overlay-color":"","overlay-opacity":"","overlay-gradient":""}},"_glsr_average":0,"_glsr_ranking":0,"_glsr_reviews":0,"_joinchat":[]},"product_brand":[],"product_cat":[24],"product_tag":[],"class_list":{"0":"post-6544","1":"product","2":"type-product","3":"status-publish","5":"product_cat-hombre","6":"desktop-align-left","7":"tablet-align-left","8":"mobile-align-left","10":"first","11":"instock","12":"product-type-variable","13":"wvs-archive-product-wrapper"},"_links":{"self":[{"href":"https:\/\/importadorabip40.com\/index.php\/wp-json\/wp\/v2\/product\/6544","targetHints":{"allow":["GET"]}}],"collection":[{"href":"https:\/\/importadorabip40.com\/index.php\/wp-json\/wp\/v2\/product"}],"about":[{"href":"https:\/\/importadorabip40.com\/index.php\/wp-json\/wp\/v2\/types\/product"}],"replies":[{"embeddable":true,"href":"https:\/\/importadorabip40.com\/index.php\/wp-json\/wp\/v2\/comments?post=6544"}],"version-history":[{"count":1,"href":"https:\/\/importadorabip40.com\/index.php\/wp-json\/wp\/v2\/product\/6544\/revisions"}],"predecessor-version":[{"id":6573,"href":"https:\/\/importadorabip40.com\/index.php\/wp-json\/wp\/v2\/product\/6544\/revisions\/6573"}],"wp:attachment":[{"href":"https:\/\/importadorabip40.com\/index.php\/wp-json\/wp\/v2\/media?parent=6544"}],"wp:term":[{"taxonomy":"product_brand","embeddable":true,"href":"https:\/\/importadorabip40.com\/index.php\/wp-json\/wp\/v2\/product_brand?post=6544"},{"taxonomy":"product_cat","embeddable":true,"href":"https:\/\/importadorabip40.com\/index.php\/wp-json\/wp\/v2\/product_cat?post=6544"},{"taxonomy":"product_tag","embeddable":true,"href":"https:\/\/importadorabip40.com\/index.php\/wp-json\/wp\/v2\/product_tag?post=6544"}],"curies":[{"name":"wp","href":"https:\/\/api.w.org\/{rel}","templated":true}]}}